s digit of d?
4
Let s(n) = 5*n**2 - 24*n**2 - 50 - 37*n - 13*n**2 - n**3 + 30. What is the tens digit of s(-31)?
6
Let t(m) = 341*m - 1951. What is the tens digit of t(17)?
4
Let r(p) be the second derivative of p**5/30 + p**4/8 + 5*p**3/2 - 15*p**2/2 - p. Let o(n) be the first derivative of r(n). What is the hundreds digit of o(7)?
1
Suppose 0 = -7*v + 122*v - 1392765. What is the ten thousands digit of v?
1
Suppose 103*b + 200*b = 9673578. What is the hundreds digit of b?
9
Let m(p) = 10*p**3 - 23*p**2 - 95*p - 5. What is the thousands digit of m(10)?
6
Let b(y) = -6 + 1 + 1 - 15*y - 3 + 11*y**2. What is the tens digit of b(5)?
9
What is the tens digit of -5*6/5 - (-13449)/1?
4
Let d(s) = 31*s - 4. Let j be d(-3). Let a = -94 - j. Suppose -a*f = 3*q - 6*q + 312, 4*q - f - 422 = 0. What is the units digit of q?
6
Suppose 5*s = 433 + 377. Suppose -s = -0*m + m. Let c = -96 - m. What is the units digit of c?
6
Let o(p) = 2680*p + 1040. What is the hundreds digit of o(6)?
1
Let z = 48 + -56. Let l be (-12573)/(-36) - 2/z*3. Let f = -171 + l. What is the hundreds digit of f?
1
Let l = 255 + -238. Let c(w) = 31*w + 98. What is the units digit of c(l)?
5
Let r = 139234 + -87258. What is the thousands digit of r?
1
Let i(n) = n**3 - 6*n**2 - 3*n - 8. Let v be i(7). Let l(w) = -10*w - v*w - 1 - 32*w - w. What is the units digit of l(-1)?
2
What is the thousands digit of ((-164)/(-369) + (-7282)/(-18))*1190/30?
6
Suppose -3*u + 79 = 2*m, -5*u + 0*u - 90 = -3*m. What is the tens digit of (-1788)/(-14) + 10/m?
2
Let o(i) = 58*i + 3076. What is the tens digit of o(41)?
5
Suppose -2*u - 418 = 9*u. Let p = u + 43. Suppose -p*x - 406 = -10*x + c, 0 = -3*c - 3. What is the units digit of x?
1
Let k be 190/(-76) + 138/4. Suppose -y - k = -33, y = -3*t + 1219. What is the units digit of t?
6
Let y(d) = -33675*d + 1187. What is the units digit of y(-2)?
7
Suppose 2*g + 0*b - 222 = -4*b, 0 = 5*g - b - 522. Let q = g - 49. Let t = 119 - q. What is the units digit of t?
3
Suppose -2*c - 2*y - 778 = 0, -3*c + 4*y = 632 + 556. Let g = c - -1424. What is the tens digit of g?
3
Let f(w) = w**3 + 4*w**2 + 12*w + 1. Let h be f(-8). Let s = h - -615. What is the units digit of s?
4
Let l(w) = 136*w + 216. Let f(a) = -271*a - 432. Let j(b) = -3*f(b) - 5*l(b). What is the units digit of j(9)?
3
Let v(s) = s**3 + 31*s**2 - 797*s - 4. What is the tens digit of v(29)?
4
Let z(y) = 73*y**2 + 37*y + 40. What is the thousands digit of z(7)?
3
Let a(k) = -k**3 + 13*k**2 - 9. Suppose 24 = f + 13. What is the hundreds digit of a(f)?
2
Let a = -2742 + 3450. What is the tens digit of a?
0
Let h be 525/45 + 4/3. Let i(x) = x - 9. Let l be i(h). Suppose -2*b + 384 = 3*f + 3*b, -538 = -l*f + 2*b. What is the tens digit of f?
3
Suppose -6509 - 2467 = 8*z. Let p = 145 - z. What is the hundreds digit of p?
2
Let x(b) = -7*b**3 + 18*b**2 - 11*b - 25. Let h(f) = -f**3 - f - 1. Let q(t) = -6*h(t) + x(t). What is the units digit of q(12)?
5
Let v be 2238/(-4)*72/(-36). What is the tens digit of (v + 3)/(11/(22/3))?
4
Suppose 0 = -99*z + 103*z - 12. Suppose 4*p + 394 = g, 0 = -z*g + 2*p + 1439 - 297. What is the units digit of g?
8
Let h = -62 - -1662. What is the units digit of h?
0
Let j = 35254 + 44606. What is the hundreds digit of j?
8
Let q = -203 - -108. What is the units digit of (-6726)/q + 1/5?
1
Let z(t) = t**3 - 9*t**2 - 13*t + 30. Let b be z(10). Suppose -2*k + 51 = 4*v + k, 3*k - 60 = -5*v. Suppose -3*s + 792 - v = b. What is the units digit of s?
1
Let p = 76 - 32. Suppose 40 - p = -2*y. What is the tens digit of -2 + 127 + 2 - y/(-1)?
2
Suppose -3*w - 3*p + 81 = 0, -5*p + 2*p = 9. Let c be (-249)/2 + w/20. Let r = c + 256. What is the tens digit of r?
3
Let j be -2 - ((-20)/12 + (-4)/(-6)). Let t be (11 + j)/(-2)*(-4)/5. Suppose 4*z = n + 270, -t*n - 264 = -4*z - 0*n. What is the tens digit of z?
6
Suppose -635 = 3*d + g, -14*g = -19*g - 10. Let x = 1282 + d. What is the units digit of x?
1
Let v = 77 + -75. Let h be 111 - 9/((-27)/6). Suppose 3*z = v*z + h. What is the units digit of z?
3
Let u = 6882 - 3771. What is the tens digit of u?
1
Let b(k) = 37*k**2 + 16*k + 162. What is the thousands digit of b(-14)?
7
Let c(r) = 100*r**2 + 11*r + 23. Let x be c(-10). Suppose -39*u + 16*u = -x. What is the tens digit of u?
3
Let b = 46719 + -26443. What is the tens digit of b?
7
Let p(c) = 59*c + 158. Let o be p(-4). What is the hundreds digit of (2 + -851)/(117/o)?
5
Let j(t) = -154*t - 1491. What is the units digit of j(-67)?
7
Let n = 97 - 87. Let m be 1 + -5 + 0/n. What is the units digit of (2 + m/5)*(-2240)/(-42)?
4
Let o(z) = 3*z**2 + 8*z - 13. Let s be o(-4). Suppose 3*w + t - 4768 = 0, s*t = 5*w - 3*w - 3186. What is the thousands digit of w?
1
Let s(d) = 9*d + 12. Let n be 3*((-24)/9 + 2). Let f be (1 - 3)/n + 5 + 0. What is the tens digit of s(f)?
6
Let m(t) be the third derivative of t**6/120 - t**5/60 + t**4/8 - 5*t**3/6 + 124*t**2. What is the units digit of m(3)?
2
Suppose 0 = 3*n - p - 24552, -49*n = -47*n + 3*p - 16390. What is the hundreds digit of n?
1
Let h(d) = 17*d + 46. Let u(w) = 34*w + 90. Let q(t) = 7*h(t) - 3*u(t). What is the units digit of q(6)?
4
Let o(i) = -2*i**3 + 68*i**2 + 2*i - 103. What is the tens digit of o(32)?
5
Suppose -5*d = -2*x - 3*x - 140, d + 4*x = 53. Let t(g) = -g**2 - d - 4 - 13 - 29*g - 5. What is the units digit of t(-22)?
9
Suppose 0 = 16*w - 29566 - 62130. What is the hundreds digit of w?
7
Suppose 1177*o = 1173*o + 2500. What is the tens digit of o/175 + 4/(-7) - -243?
4
Suppose -5*u + o + 5974 = 0, 15*o - 17*o - 3583 = -3*u. Let c = u + -799. What is the tens digit of c?
9
What is the thousands digit of -9759*8/(-8) - -10?
9
Let b(k) = -4*k - 25. Let x be b(-7). What is the hundreds digit of (7515/(-27))/((x + -2)/(-3))?
8
What is the units digit of 1792024/112 + (-8)/(-28) + (-4)/(-8)?
1
Let q(w) = 185*w**2 + 179*w + 42. What is the units digit of q(-6)?
8
Let r be -3 - 47/(-15) - (-52)/60. Let h(c) = -c**2 + 2*c + 1. Let l be h(2). What is the units digit of l/(2 - r)*-2 - -38?
6
Let x be (1 - 2)/(-8 - -7)*2. What is the hundreds digit of -1 - (x + -4) - -252?
2
Let p = 10431 + -5217. What is the hundreds digit of p?
2
What is the thousands digit of (-1935)/(-9)*(14 - (9 + -3 - 5))?
2
Let w = 37 + -37. Let l(o) = -3*o - 11. Let d be l(w). What is the units digit of (-14)/77 - 79/d?
7
Suppose -5*q + 2*o + 105248 = 0, 23754 = 5*q + 2*o - 81498. What is the units digit of q?
0
Suppose 3*c + 3*q - 60 = 0, c - 2 = -3*q + 14. Suppose -3*w + 2*w = -46. Suppose c = t - w. What is the units digit of t?
8
Suppose 1200117 = 11*y + 38*y + 20*y. What is the ten thousands digit of y?
1
Suppose 2016*i + 518452 = 2060*i. What is the thousands digit of i?
1
Let n be (4/10)/(4/200). Let b be (-6)/(10/5 + (-38)/n). What is the tens digit of (999/5)/3*b/(-18)?
2
Suppose -4*w = -2*t - 84, -2*w = -5*t - 239 + 37. Let j = t + 44. What is the tens digit of 30 + j - (0 - 1 - 0)?
3
Suppose -40*n + 658 = -33*n. Suppose -3 = 13*f - n. Suppose 0 = v - f*v + 522. What is the units digit of v?
7
Suppose -5*q + 32 = 12. Suppose 6*f - q*f - 10 = 0. Suppose -16 = 3*u - 4*u + 4*v, f*u - 14 = -2*v. What is the units digit of u?
4
Suppose -2*q + 19*q + 2448 = 0. What is the units digit of ((-165)/(-3))/((-16)/q)?
5
What is the tens digit of 2 + (-4095)/(-2) + (2850/(-20))/57?
4
Let g = 45 + -49. Let j be ((-68)/8)/(g/(-8)). Let u = 116 - j. What is the tens digit of u?
3
Let h(k) = -k**3 - 25*k**2 + 34*k - 23. Let o(a) = a**3 + 23*a**2 - 35*a + 24. Let w(u) = 2*h(u) + 3*o(u). What is the thousands digit of w(-18)?
1
Let h be (1 - 0)*(6 - 6). Let d be h*4/12 + 2. Suppose a + 1120 = 5*s, d*s = -3*s + 5*a + 1120. What is the units digit of s?
4
Suppose -30*j + 25*j = 60. What is the tens digit of (-7)/((-70)/(-2725))*j/15?
1
Let l = 12931 + -7522. Suppose -1393 = -38*h + l. What is the units digit of h?
9
Suppose -2*s + 7 = -9*s. Let x be (45/(-75))/(s/145). Let f = x + -45. What is the units digit of f?
2
What is the thousands digit of 6163 + (-8 - 72)/4?
6
Suppose 0 = 2*g - 3*l - 54, 4*g - l + 2*l - 94 = 0. What is the units digit of g/56 + -1 + 4253/7?
7
Let n(h) = -2*h**2. Let a(g) = -9*g**2 + 10*g + 7. Let c(y) = -a(y) - 6*n(y). What is the hundreds digit of